{"id":28,"date":"2026-04-06T10:33:07","date_gmt":"2026-04-06T10:33:07","guid":{"rendered":"http:\/\/greenherbal.id.vn\/?page_id=28"},"modified":"2026-04-06T14:05:55","modified_gmt":"2026-04-06T14:05:55","slug":"luu-nhap-tu-dong","status":"publish","type":"page","link":"http:\/\/greenherbal.id.vn\/?page_id=28","title":{"rendered":"L\u00e0m sao \u0111\u1ec3 tr\u1edf n\u00ean &#8220;th\u1ea7n th\u00e1i&#8221; h\u01a1n"},"content":{"rendered":"\t<section class=\"section\" id=\"section_1284030189\">\n\t\t<div class=\"bg section-bg fill bg-fill  bg-loaded\" >\n\n\t\t\t\n\t\t\t\n\t\t\t\n\n\t\t<\/div>\n\n\t\t\n\n\t\t<div class=\"section-content relative\">\n\t\t\t\n\t<div class=\"img has-hover x md-x lg-x y md-y lg-y\" id=\"image_2079910066\">\n\t\t\t\t\t\t\t\t<div class=\"img-inner dark\" >\n\t\t\t<img loading=\"lazy\" decoding=\"async\" width=\"1020\" height=\"680\" src=\"http:\/\/greenherbal.id.vn\/wp-content\/uploads\/2026\/04\/Gemini_Generated_Image_vy4ixyvy4ixyvy4i-1-1024x683.png\" class=\"attachment-large size-large\" alt=\"\" srcset=\"http:\/\/greenherbal.id.vn\/wp-content\/uploads\/2026\/04\/Gemini_Generated_Image_vy4ixyvy4ixyvy4i-1-1024x683.png 1024w, http:\/\/greenherbal.id.vn\/wp-content\/uploads\/2026\/04\/Gemini_Generated_Image_vy4ixyvy4ixyvy4i-1-300x200.png 300w, http:\/\/greenherbal.id.vn\/wp-content\/uploads\/2026\/04\/Gemini_Generated_Image_vy4ixyvy4ixyvy4i-1-768x512.png 768w, http:\/\/greenherbal.id.vn\/wp-content\/uploads\/2026\/04\/Gemini_Generated_Image_vy4ixyvy4ixyvy4i-1.png 1264w\" sizes=\"auto, (max-width: 1020px) 100vw, 1020px\" \/>\t\t\t\t\t\t\n\t\t\t\t\t<\/div>\n\t\t\t\t\t\t\t\t\n<style>\n#image_2079910066 {\n  width: 100%;\n}\n<\/style>\n\t<\/div>\n\t\n\t\t<\/div>\n\n\t\t\n<style>\n#section_1284030189 {\n  padding-top: 30px;\n  padding-bottom: 30px;\n}\n<\/style>\n\t<\/section>\n\t\n<h1 class=\"cmp-article-detail-content__title\">Nh\u1eefng b\u01b0\u1edbc nh\u1ecf, th\u00e0nh qu\u1ea3 l\u1edbn: Nh\u1eefng thay \u0111\u1ed5i b\u1ec1n v\u1eefng cho n\u0103m m\u1edbi<\/h1>\n<div class=\"cmp-articles-detail__article\">\n<div class=\"articles article-detail\">\n<div class=\"cmp-article-detail\">\n<div class=\"cmp-article-detail-content\">\n<p class=\"cmp-article-detail-content__details\">Susan Bowerman, MS, RD, CSSD, CSOWM, FAND \u2013 Gi\u00e1m \u0111\u1ed1c c\u1ea5p cao, Gi\u00e1o d\u1ee5c v\u00e0 \u0110\u00e0o t\u1ea1o Dinh d\u01b0\u1ee1ng To\u00e0n c\u1ea7u1 th\u00e1ng 1, 2026<\/p>\n<\/div>\n<\/div>\n<\/div>\n<\/div>\n<div class=\"cmp-articles-detail__container\">\n<div class=\"container responsivegrid\">\n<div id=\"container-4b51de71a6-602ceee6-f50e-47e1-be4c-6f6650b4c640\" class=\"cmp-container\">\n<div class=\"text-header text cmp-text-header--sub-heading cmp-text-header--margin-bottom-xl\">\n<div id=\"text_header_copy_cop-448b1753-8480-43eb-8fd2-8d77d18f40f4\" class=\" h1-cmp-theme-background-color__primary\">\n<div class=\"cmp-text-header\">\n<div class=\"cmp-text-header__body h1-cmp-theme-color__primary\">\n<p><i>\u0110\u1eb7t ra c\u00e1c quy\u1ebft t\u00e2m th\u1ef1c t\u1ebf cho n\u0103m m\u1edbi c\u00f3 th\u1ec3 l\u00e0 m\u1ed9t th\u00e1ch th\u1ee9c, nh\u01b0ng \u0111\u1eebng n\u1ea3n l\u00f2ng. Ngay c\u1ea3 nh\u1eefng thay \u0111\u1ed5i nh\u1ecf \u0111\u1ed1i v\u1edbi ch\u1ebf \u0111\u1ed9 \u0103n u\u1ed1ng c\u1ee7a b\u1ea1n c\u0169ng c\u00f3 th\u1ec3 d\u1eabn \u0111\u1ebfn th\u00f3i quen l\u00e0nh m\u1ea1nh theo th\u1eddi gian. Kh\u00e1m ph\u00e1 c\u00e1c m\u1eb9o thi\u1ebft th\u1ef1c \u0111\u1ec3 v\u01b0\u1ee3t qua tr\u1edf ng\u1ea1i, duy tr\u00ec \u0111\u1ed9ng l\u1ef1c v\u00e0 x\u00e2y d\u1ef1ng th\u00f3i quen l\u00e2u d\u00e0i \u0111\u1ec3 c\u00f3 l\u1ed1i s\u1ed1ng l\u00e0nh m\u1ea1nh h\u01a1n.\u00a0<\/i><\/p>\n<p>B\u1ea1n c\u00f3 nh\u1edb nh\u1eefng quy\u1ebft t\u00e2m m\u00e0 b\u1ea1n \u0111\u00e3 \u0111\u01b0a ra v\u00e0o n\u0103m ngo\u00e1i kh\u00f4ng? N\u1ebfu b\u1ea1n gi\u1ed1ng nh\u01b0 h\u1ea7u h\u1ebft m\u1ecdi ng\u01b0\u1eddi, b\u1ea1n c\u00f3 th\u1ec3 \u0111\u00e3 quy\u1ebft t\u00e2m s\u1ebd \u0103n u\u1ed1ng t\u1ed1t h\u01a1n, t\u1eadp th\u1ec3 d\u1ee5c nhi\u1ec1u h\u01a1n v\u00e0 c\u00f3 th\u1ec3 gi\u1ea3m c\u00e2n. V\u1eady h\u00e3y nh\u00ecn l\u1ea1i, n\u00f3 di\u1ec5n ra nh\u01b0 th\u1ebf n\u00e0o?\u00a0B\u1ea1n \u0111\u00e3 ho\u00e0n th\u00e0nh t\u1ea5t c\u1ea3 nh\u1eefng g\u00ec b\u1ea1n \u0111\u1eb7t ra ch\u01b0a? Hay b\u1ea1n \u0111\u00e3 b\u1eaft \u0111\u1ea7u n\u0103m m\u1edbi m\u1ea1nh m\u1ebd ch\u1ec9 \u0111\u1ec3 quay tr\u1edf l\u1ea1i nh\u01b0 c\u0169, \u0111\u01b0a ra c\u00e1c quy\u1ebft t\u00e2m t\u01b0\u01a1ng t\u1ef1 m\u1ed9t l\u1ea7n n\u1eefa trong n\u0103m nay?<\/p>\n<p>N\u1ebfu b\u1ea1n th\u1ea5y m\u00ecnh \u0111\u01b0a ra nh\u1eefng quy\u1ebft t\u00e2m t\u01b0\u01a1ng t\u1ef1 v\u00e0o m\u1ed7i th\u00e1ng Gi\u00eang, \u0111\u1eebng n\u1ea3n l\u00f2ng &#8211; \u0111i\u1ec1u \u0111\u00f3 cho th\u1ea5y vi\u1ec7c ch\u0103m s\u00f3c b\u1ea3n th\u00e2n r\u1ea5t quan tr\u1ecdng v\u1edbi b\u1ea1n. M\u1ed7i khi b\u1ea1n \u0111\u1eb7t m\u1ee5c ti\u00eau gi\u1ea3m c\u00e2n ho\u1eb7c th\u00f3i quen l\u00e0nh m\u1ea1nh h\u01a1n, b\u1ea1n \u0111ang cam k\u1ebft cho m\u1ed9t s\u1ee9c kh\u1ecfe t\u1ed1t h\u01a1n, ngay c\u1ea3 khi b\u1ea1n ch\u01b0a ho\u00e0n to\u00e0n \u0111\u1ea1t \u0111\u01b0\u1ee3c \u0111i\u1ec1u \u0111\u00f3. Ch\u1ec9 v\u00ec b\u1ea1n l\u1eb7p l\u1ea1i nh\u1eefng l\u1eddi h\u1ee9a n\u00e0y kh\u00f4ng c\u00f3 ngh\u0129a l\u00e0 b\u1ea1n \u0111\u00e3 kh\u00f4ng \u0111\u1ea1t \u0111\u01b0\u1ee3c ti\u1ebfn b\u1ed9 v\u00e0o n\u0103m ngo\u00e1i.<\/p>\n<p>B\u1eaft \u0111\u1ea7u n\u0103m m\u1edbi v\u1edbi c\u00e1c k\u1ebf ho\u1ea1ch c\u1ea3i thi\u1ec7n cho th\u1ea5y s\u1ef1 quy\u1ebft t\u00e2m c\u1ee7a b\u1ea1n v\u00e0 m\u1ed7i b\u01b0\u1edbc nh\u1ecf s\u1ebd \u0111\u01b0a b\u1ea1n \u0111\u1ebfn g\u1ea7n h\u01a1n v\u1edbi m\u1ee5c ti\u00eau c\u1ee7a m\u00ecnh. H\u00e3y nh\u1edb r\u1eb1ng, nh\u1eefng thay \u0111\u1ed5i nh\u1ecf d\u1ea7n d\u1ea7n s\u1ebd t\u00edch l\u0169y theo th\u1eddi gian v\u00e0 m\u1ed7i c\u1ed1 g\u1eafng c\u1ee7a b\u1ea1n \u0111\u1ec1u l\u00e0 ti\u1ebfn b\u1ed9 \u0111\u00e1ng \u0111\u01b0\u1ee3c khen ng\u1ee3i.<\/p>\n<\/div>\n<\/div>\n<\/div>\n<\/div>\n<div class=\"text-header text cmp-text-header--sub-heading cmp-text-header--margin-bottom-xl\">\n<div id=\"text_header_copy_cop_1082416474-3c2e7e02-3385-44e4-9ef5-88108ede6037\" class=\" h1-cmp-theme-background-color__primary\">\n<div class=\"cmp-text-header\">\n<div class=\"cmp-text-header__header h1-cmp-theme-color__secondary\">\n<h2>B\u1ea5t k\u1ef3 s\u1ef1 c\u1ea3i thi\u1ec7n n\u00e0o c\u0169ng c\u00f3 \u00edch v\u00e0 s\u1ebd gi\u00fap h\u00ecnh th\u00e0nh th\u00f3i quen t\u1ed1t h\u01a1n<\/h2>\n<\/div>\n<div class=\"cmp-text-header__body h1-cmp-theme-color__primary\">\n<p>N\u1ebfu b\u1ea1n \u0111\u00e3 c\u1eaft gi\u1ea3m vi\u1ec7c u\u1ed1ng n\u01b0\u1edbc ng\u1ecdt, \u0103n v\u1eb7t \u00edt h\u01a1n ho\u1eb7c n\u1ea5u \u0103n t\u1ea1i nh\u00e0 nhi\u1ec1u h\u01a1n, th\u00ec b\u1ea1n \u0111\u00e3 ti\u1ebfn b\u1ed9. X\u00e2y d\u1ef1ng nh\u1eefng thay \u0111\u1ed5i nh\u1ecf trong th\u00f3i quen h\u00e0ng ng\u00e0y c\u1ee7a b\u1ea1n c\u00f3 th\u1ec3 d\u1eabn \u0111\u1ebfn nh\u1eefng l\u1ee3i \u00edch th\u1ef1c s\u1ef1, l\u00e2u d\u00e0i theo th\u1eddi gian. Nh\u1eefng thay \u0111\u1ed5i \u0111\u01a1n gi\u1ea3n nh\u01b0 gi\u1ea3m l\u01b0\u1ee3ng \u0111\u01b0\u1eddng ti\u00eau th\u1ee5 ho\u1eb7c th\u00eam v\u00e0i lo\u1ea1i rau m\u1ed7i ng\u00e0y c\u00f3 th\u1ec3 t\u1ea1o ra s\u1ef1 kh\u00e1c bi\u1ec7t l\u1edbn Trong n\u0103m m\u1edbi, h\u00e3y t\u1eadp trung v\u00e0o vi\u1ec7c m\u1edf r\u1ed9ng nh\u1eefng l\u1ee3i \u00edch n\u00e0y t\u1eebng ch\u00fat m\u1ed9t.<\/p>\n<p>C\u00e1c b\u01b0\u1edbc th\u1ef1c hi\u1ec7n<\/p>\n<ul>\n<li>Th\u00eam nhi\u1ec1u rau v\u00e0o kh\u1ea9u ph\u1ea7n \u0103n: Th\u00eam m\u1ed9t ph\u1ea7n rau v\u00e0o m\u1ed9t b\u1eefa \u0103n h\u00e0ng ng\u00e0y, v\u00ed d\u1ee5 nh\u01b0 tr\u1ed9n rau ch\u00e2n v\u1ecbt v\u00e0o tr\u1ee9ng b\u00e1c.<\/li>\n<li>Gi\u1ea3m l\u01b0\u1ee3ng \u0111\u01b0\u1eddng: Thay \u0111\u1ed3 u\u1ed1ng c\u00f3 \u0111\u01b0\u1eddng b\u1eb1ng n\u01b0\u1edbc c\u00f3 ga c\u00f3 h\u01b0\u01a1ng v\u1ecb ho\u1eb7c tr\u00e0 th\u1ea3o m\u1ed9c<\/li>\n<li>\u0102n v\u1eb7t h\u1ee3p l\u00fd h\u01a1n: Ch\u1ecdn c\u00e1c lo\u1ea1i h\u1ea1t ho\u1eb7c tr\u00e1i c\u00e2y thay v\u00ec \u0111\u1ed3 \u0103n v\u1eb7t \u0111\u00e3 qua ch\u1ebf bi\u1ebfn nh\u01b0 khoai t\u00e2y chi\u00ean ho\u1eb7c b\u00e1nh quy.<\/li>\n<\/ul>\n<\/div>\n<\/div>\n<\/div>\n<\/div>\n<div class=\"text-header text cmp-text-header--sub-heading cmp-text-header--margin-bottom-xl\">\n<div id=\"text_header_copy_cop_919724816-0dac2019-9de4-4fc5-a889-8c9e42caf966\" class=\" h1-cmp-theme-background-color__primary\">\n<div class=\"cmp-text-header\">\n<div class=\"cmp-text-header__header h1-cmp-theme-color__secondary\">\n<h2>H\u1ea1n ch\u1ebf l\u00e0m qu\u00e1 nhi\u1ec1u vi\u1ec7c c\u00f9ng l\u00fac: Kh\u1edfi \u0111\u1ea7u t\u1eeb nh\u1eefng b\u01b0\u1edbc nh\u1ecf v\u00e0 gi\u1eef v\u1eefng ti\u1ebfn \u0111\u1ed9<\/h2>\n<\/div>\n<div class=\"cmp-text-header__body h1-cmp-theme-color__primary\">\n<p>Khi thi\u1ebft l\u1eadp m\u1ee5c ti\u00eau, b\u1ea1n th\u01b0\u1eddng c\u00f3 xu h\u01b0\u1edbng \u0111\u1eb7t k\u1ef3 v\u1ecdng cao v\u00e0 th\u1eed nhi\u1ec1u th\u00f3i quen m\u1edbi c\u00f9ng l\u00fac Nh\u01b0ng ph\u00e1t tri\u1ec3n th\u00f3i quen \u0103n u\u1ed1ng l\u00e0nh m\u1ea1nh th\u01b0\u1eddng d\u1ec5 d\u00e0ng h\u01a1n khi b\u1ea1n th\u1ef1c hi\u1ec7n thay \u0111\u1ed5i nh\u1ecf t\u1ea1i m\u1ed7i th\u1eddi \u0111i\u1ec3m. H\u00e3y suy ngh\u0129 v\u1ec1 nh\u1eefng thay \u0111\u1ed5i quan tr\u1ecdng nh\u1ea5t \u0111\u1ed1i v\u1edbi b\u1ea1n v\u00e0 t\u1eadp trung v\u00e0o \u0111\u00f3. B\u1eb1ng c\u00e1ch t\u1ea1o ra c\u00e1c m\u1ee5c ti\u00eau c\u00f3 th\u1ec3 qu\u1ea3n l\u00fd \u0111\u01b0\u1ee3c, b\u1ea1n c\u00f3 kh\u1ea3 n\u0103ng t\u1ea1o ra nh\u1eefng thay \u0111\u1ed5i b\u1ec1n v\u1eefng, h\u1ed7 tr\u1ee3 s\u1ef1 th\u00e0nh c\u00f4ng l\u00e2u d\u00e0i c\u1ee7a b\u1ea1n<\/p>\n<p>C\u00e1c b\u01b0\u1edbc th\u1ef1c hi\u1ec7n<\/p>\n<ul>\n<li>Ch\u1ecdn m\u1ed9t th\u00f3i quen t\u1ea1i m\u1ed9t th\u1eddi \u0111i\u1ec3m: B\u1eaft \u0111\u1ea7u b\u1eb1ng c\u00e1ch th\u1ef1c hi\u1ec7n ch\u1ec9 m\u1ed9t th\u00f3i quen l\u00e0nh m\u1ea1nh, ch\u1eb3ng h\u1ea1n nh\u01b0 \u0103n b\u1eefa s\u00e1ng gi\u00e0u protein m\u1ed7i s\u00e1ng.<\/li>\n<li>\u0110\u1eb7t m\u1ee5c ti\u00eau h\u00e0ng tu\u1ea7n c\u1ee5 th\u1ec3: Thay v\u00ec ch\u1ec9 n\u00f3i chung chung &#8220;\u0103n nhi\u1ec1u rau h\u01a1n&#8221;, h\u00e3y th\u1eed \u0111\u1eb7t m\u1ee5c ti\u00eau c\u1ee5 th\u1ec3 nh\u01b0 &#8220;th\u00eam salad v\u00e0o b\u1eefa tr\u01b0a ba l\u1ea7n m\u1ed7i tu\u1ea7n.&#8221;<\/li>\n<li>Theo d\u00f5i ti\u1ebfn \u0111\u1ed9: S\u1eed d\u1ee5ng nh\u1eadt k\u00fd ho\u1eb7c \u1ee9ng d\u1ee5ng \u0111\u1ec3 theo d\u00f5i nh\u1eefng th\u00f3i quen m\u1edbi c\u1ee7a b\u1ea1n v\u00e0 c\u1ea3m nh\u1eadn c\u1ee7a b\u1ea1n v\u1ec1 ch\u00fang.<\/li>\n<\/ul>\n<\/div>\n<\/div>\n<\/div>\n<\/div>\n<div class=\"text-header text cmp-text-header--sub-heading cmp-text-header--margin-bottom-xl\">\n<div id=\"text_header_copy_cop_1829543453-6e09553b-435a-421e-afcd-48b9293f37f3\" class=\" h1-cmp-theme-background-color__primary\">\n<div class=\"cmp-text-header\">\n<div class=\"cmp-text-header__header h1-cmp-theme-color__secondary\">\n<h2>T\u1eeb b\u1ecf th\u00f3i quen x\u1ea5u v\u00e0 lo\u1ea1i b\u1ecf m\u1ecdi r\u00e0o c\u1ea3n<\/h2>\n<\/div>\n<div class=\"cmp-text-header__body h1-cmp-theme-color__primary\">\n<p>N\u1ebfu b\u1ea1n g\u1eb7p kh\u00f3 kh\u0103n trong vi\u1ec7c \u0111\u01b0a ra nh\u1eefng l\u1ef1a ch\u1ecdn l\u00e0nh m\u1ea1nh, vi\u1ec7c x\u00e1c \u0111\u1ecbnh nh\u1eefng tr\u1edf ng\u1ea1i v\u00e0 c\u00e1m d\u1ed7 c\u00f3 th\u1ec3 gi\u00fap b\u1ea1n t\u00ecm ra gi\u1ea3i ph\u00e1p. V\u00ed d\u1ee5, n\u1ebfu \u0103n c\u00e1c b\u1eefa \u0103n c\u00e2n b\u1eb1ng l\u00e0 m\u1ed9t th\u00e1ch th\u1ee9c v\u00e0 b\u1ea1n th\u01b0\u1eddng d\u1ef1a v\u00e0o th\u1ee9c \u0103n nhanh, c\u00f3 th\u1ec3 v\u1ea5n \u0111\u1ec1 l\u00e0 vi\u1ec7c n\u1ea5u \u0103n m\u1ed7i \u0111\u00eam l\u00e0m b\u1ea1n c\u1ea3m th\u1ea5y qu\u00e1 t\u1ed1n th\u1eddi gian. N\u1ea5u \u0103n m\u1ed9t l\u1ea7n r\u1ed3i \u0111\u00f4ng l\u1ea1nh t\u1eebng ph\u1ea7n ho\u1eb7c d\u00e0nh th\u1eddi gian v\u00e0o c\u00e1c ng\u00e0y Ch\u1ee7 nh\u1eadt \u0111\u1ec3 chu\u1ea9n b\u1ecb tr\u01b0\u1edbc v\u00e0i b\u1eefa \u0103n c\u00f3 th\u1ec3 l\u00e0m cho vi\u1ec7c \u0103n u\u1ed1ng l\u00e0nh m\u1ea1nh tr\u1edf n\u00ean d\u1ec5 d\u00e0ng h\u01a1n. C\u00e2n nh\u1eafc s\u1eed d\u1ee5ng k\u1ebf ho\u1ea1ch b\u1eefa \u0103n, t\u00f9y thu\u1ed9c v\u00e0o m\u1ee5c ti\u00eau c\u00e2n n\u1eb7ng c\u1ee7a b\u1ea1n.<\/p>\n<p>C\u00e1c b\u01b0\u1edbc th\u1ef1c hi\u1ec7n<\/p>\n<ul>\n<li>Chu\u1ea9n b\u1ecb tr\u01b0\u1edbc c\u00e1c b\u1eefa \u0103n \u0111\u01a1n gi\u1ea3n: L\u00e0m m\u1ed9t v\u00e0i b\u1eefa \u0103n nhanh ch\u00f3ng, l\u00e0nh m\u1ea1nh v\u00e0o \u0111\u1ea7u tu\u1ea7n \u0111\u1ec3 \u0103n v\u00e0o nh\u1eefng ng\u00e0y b\u1eadn r\u1ed9n.<\/li>\n<li>\u0110\u1ec3 \u0111\u1ed3 \u0103n nh\u1eb9 l\u00e0nh m\u1ea1nh \u1edf n\u01a1i d\u1ec5 nh\u00ecn th\u1ea5y \u0110\u1eb7t tr\u00e1i c\u00e2y l\u00ean b\u00e0n b\u1ebfp ho\u1eb7c rau \u0111\u00e3 c\u1eaft v\u00e0o t\u1ee7 l\u1ea1nh \u1edf n\u01a1i b\u1ea1n d\u1ec5 d\u00e0ng nh\u00ecn th\u1ea5y.<\/li>\n<li>Thi\u1ebft l\u1eadp m\u1ed9t h\u1ec7 th\u1ed1ng h\u1ed7 tr\u1ee3: \u0110\u1ed3ng h\u00e0nh c\u00f9ng m\u1ed9t ng\u01b0\u1eddi b\u1ea1n ho\u1eb7c th\u00e0nh vi\u00ean gia \u0111\u00ecnh c\u0169ng mu\u1ed1n c\u00f3 nh\u1eefng l\u1ef1a ch\u1ecdn s\u1ee9c kh\u1ecfe l\u00e0nh m\u1ea1nh h\u01a1n. Ki\u1ec3m tra ti\u1ebfn \u0111\u1ed9 ho\u1eb7c tr\u1edf ng\u1ea1i h\u00e0ng tu\u1ea7n.<\/li>\n<\/ul>\n<\/div>\n<\/div>\n<\/div>\n<\/div>\n<div class=\"text-header text cmp-text-header--sub-heading cmp-text-header--margin-bottom-xl\">\n<div id=\"text_header_copy_cop_323535538-506a38d8-5823-4e55-9ef3-e62b549d298c\" class=\" h1-cmp-theme-background-color__primary\">\n<div class=\"cmp-text-header\">\n<div class=\"cmp-text-header__header h1-cmp-theme-color__secondary\">\n<h2>X\u00e2y d\u1ef1ng m\u1ed9t ch\u1ebf \u0111\u1ed9 \u0103n u\u1ed1ng l\u00e0nh m\u1ea1nh v\u1edbi nh\u1eefng thay \u0111\u1ed5i nh\u1ecf<\/h2>\n<\/div>\n<div class=\"cmp-text-header__body h1-cmp-theme-color__primary\">\n<p>Khi n\u00f3i \u0111\u1ebfn vi\u1ec7c ph\u00e1t tri\u1ec3n th\u00f3i quen \u0103n u\u1ed1ng l\u00e0nh m\u1ea1nh, th\u00e0nh c\u00f4ng th\u01b0\u1eddng n\u1eb1m \u1edf s\u1ef1 chu\u1ea9n b\u1ecb v\u00e0 l\u1eadp k\u1ebf ho\u1ea1ch. N\u1ebfu m\u1ee5c ti\u00eau c\u1ee7a b\u1ea1n l\u00e0 \u0103n nhi\u1ec1u rau h\u01a1n, h\u00e3y b\u1eaft \u0111\u1ea7u b\u1eb1ng vi\u1ec7c mua rau t\u01b0\u01a1i ho\u1eb7c \u0111\u00f4ng l\u1ea1nh v\u00e0 d\u1ea7n d\u1ea7n k\u1ebft h\u1ee3p ch\u00fang v\u00e0o b\u1eefa \u0103n. Th\u00eam m\u1ed9t ph\u1ea7n salad, rau n\u01b0\u1edbng ho\u1eb7c b\u1eefa \u0103n nh\u1eb9 v\u1edbi tr\u00e1i c\u00e2y t\u01b0\u01a1i c\u00f3 th\u1ec3 d\u1ec5 th\u1ef1c hi\u1ec7n h\u01a1n l\u00e0 thay \u0111\u1ed5i ho\u00e0n to\u00e0n ch\u1ebf \u0111\u1ed9 \u0103n u\u1ed1ng ngay l\u1eadp t\u1ee9c.<\/p>\n<p>C\u00e1c b\u01b0\u1edbc th\u1ef1c hi\u1ec7n<\/p>\n<ul>\n<li>B\u1eaft \u0111\u1ea7u b\u1eb1ng vi\u1ec7c \u0103n rau: Th\u00eam m\u1ed9t lo\u1ea1i rau v\u00e0o m\u1ed9t b\u1eefa m\u1ed7i ng\u00e0y cho \u0111\u1ebfn khi n\u00f3 tr\u1edf th\u00e0nh th\u00f3i quen.<\/li>\n<li>Thay th\u1ebf c\u00e1c m\u00f3n ng\u1ecdt b\u1eb1ng c\u00e1c ch\u1ea5t thay th\u1ebf kh\u00e1c: H\u00e3y th\u1eed tr\u00e1i c\u00e2y t\u01b0\u01a1i ho\u1eb7c s\u1eefa chua \u00edt \u0111\u01b0\u1eddng.<\/li>\n<li>L\u1eadp k\u1ebf ho\u1ea1ch \u0103n nh\u1eb9 c\u1ee7a b\u1ea1n: Chia tr\u01b0\u1edbc c\u00e1c m\u00f3n \u0103n nh\u1eb9 l\u00e0nh m\u1ea1nh v\u00e0o nh\u1eefng h\u1ed9p nh\u1ecf \u0111\u1ec3 mang theo khi di chuy\u1ec3n.<\/li>\n<\/ul>\n<\/div>\n<\/div>\n<\/div>\n<\/div>\n<div class=\"text-header text cmp-text-header--sub-heading cmp-text-header--margin-bottom-xl\">\n<div id=\"text_header_copy_cop_2054231397-1905465b-ce9c-41e3-9d1a-102bcec13e4d\" class=\" h1-cmp-theme-background-color__primary\">\n<div class=\"cmp-text-header\">\n<div class=\"cmp-text-header__header h1-cmp-theme-color__secondary\">\n<h2>K\u1ebft lu\u1eadn: Nh\u1eefng thay \u0111\u1ed5i nh\u1ecf s\u1ebd d\u1ea7n t\u1ea1o n\u00ean s\u1ef1 kh\u00e1c bi\u1ec7t<\/h2>\n<\/div>\n<div class=\"cmp-text-header__body h1-cmp-theme-color__primary\">\n<p>Ch\u1ec9 v\u00ec nh\u1eefng thay \u0111\u1ed5i nh\u1ecf kh\u00f4ng c\u00f3 ngh\u0129a l\u00e0 ch\u00fang kh\u00f4ng t\u00edch l\u0169y l\u1ea1i. N\u1ebfu b\u1eefa tr\u01b0a b\u1ea1n t\u1ef1 n\u1ea5u hai l\u1ea7n m\u1ed7i tu\u1ea7n c\u00f3 \u00edt h\u01a1n 300 calo so v\u1edbi b\u1eefa tr\u01b0a b\u1ea1n \u0103n t\u1ea1i nh\u00e0 h\u00e0ng, b\u1ea1n s\u1ebd gi\u1ea3m \u0111i \u0111\u01b0\u1ee3c h\u01a1n 31.000 calo trong m\u1ed9t n\u0103m, t\u01b0\u01a1ng \u0111\u01b0\u01a1ng v\u1edbi vi\u1ec7c gi\u1ea3m 4 kg. N\u1ebfu b\u1ea1n l\u1ea5y m\u1ed9t mi\u1ebfng tr\u00e1i c\u00e2y thay v\u00ec m\u1ed9t b\u00e1t kem sau m\u1ed7i b\u1eefa t\u1ed1i, b\u1ea1n c\u00f3 th\u1ec3 gi\u1ea3m th\u00eam 4,5 kg v\u00e0o th\u00e1ng Gi\u00eang t\u1edbi&#8230; ch\u1ec9 t\u1eeb m\u1ed9t thay \u0111\u1ed5i nh\u1ecf \u0111\u00f3.<\/p>\n<p>T\u1ea1o d\u1ef1ng l\u1ed1i s\u1ed1ng v\u1edbi\u00a0<a href=\"https:\/\/www.herbalife.com\/vi-vn\/achieve-your-goals\/daily-nutrition-health\" target=\"_self\" rel=\"noopener noreferrer\">th\u00f3i quen \u0103n u\u1ed1ng l\u00e0nh m\u1ea1nh \u0111\u01a1n gi\u1ea3n<\/a>\u00a0kh\u00f4ng ph\u1ea3i l\u00e0 v\u1ec1 s\u1ef1 ho\u00e0n h\u1ea3o; m\u00e0 l\u00e0 v\u1ec1 s\u1ef1 c\u1ea3i thi\u1ec7n. M\u1ed7i thay \u0111\u1ed5i nh\u1ecf s\u1ebd t\u1ea1o n\u00ean \u0111\u1ed9ng l\u1ef1c, c\u1ee7ng c\u1ed1 r\u1eb1ng b\u1ea1n c\u00f3 th\u1ec3 ph\u00e1t tri\u1ec3n. H\u00e3y nh\u1edb r\u1eb1ng, ngay c\u1ea3 m\u1ed9t l\u1ef1a ch\u1ecdn l\u00e0nh m\u1ea1nh m\u1ed7i ng\u00e0y c\u0169ng c\u00f3 th\u1ec3 gi\u00fap b\u1ea1n th\u00e0nh c\u00f4ng l\u00e2u d\u00e0i. V\u00ec v\u1eady, h\u00e3y b\u1eaft \u0111\u1ea7u v\u1edbi m\u1ed9t th\u00f3i quen v\u00e0 x\u00e2y d\u1ef1ng t\u1eeb \u0111\u00f3 &#8211; m\u1ed7i b\u01b0\u1edbc \u0111\u1ec1u c\u00f3 gi\u00e1 tr\u1ecb.<\/p>\n<\/div>\n<\/div>\n<\/div>\n<\/div>\n<div class=\"text-header text cmp-text-header--sub-heading cmp-text-header--margin-bottom-xl\">\n<div id=\"text_header_copy_cop_486381605-24b48585-989c-4960-9ac8-62acba735537\" class=\" h1-cmp-theme-background-color__primary\">\n<div class=\"cmp-text-header\">\n<div class=\"cmp-text-header__header h1-cmp-theme-color__secondary\">\n<h2>V\u1ec1 t\u00e1c gi\u1ea3<\/h2>\n<\/div>\n<div class=\"cmp-text-header__body h1-cmp-theme-color__primary\">\n<p><a href=\"https:\/\/www.herbalife.com\/vi-vn\/about-herbalife\/our-experts\/susan-bowerman\" target=\"_self\" rel=\"noopener noreferrer\">Susan Bowerman<\/a>\u00a0l\u00e0 Gi\u00e1m \u0110\u1ed1c C\u1ea5p Cao c\u1ee7a B\u1ed9 ph\u1eadn Gi\u00e1o d\u1ee5c v\u00e0 \u0110\u00e0o t\u1ea1o Dinh d\u01b0\u1ee1ng To\u00e0n c\u1ea7u t\u1ea1i Herbalife. B\u00e0 c\u0169ng l\u00e0 ch\u1ee7 t\u1ecbch c\u1ee7a Ban c\u1ed1 v\u1ea5n dinh d\u01b0\u1ee1ng Herbalife v\u00e0 Ban c\u1ed1 v\u1ea5n dinh d\u01b0\u1ee1ng ngo\u00e0i. L\u00e0 m\u1ed9t chuy\u00ean gia dinh d\u01b0\u1ee1ng \u0111\u00e3 \u0111\u0103ng k\u00fd,\u00a0<a href=\"https:\/\/www.instagram.com\/susanherbalifenutrition\/\" target=\"_blank\" rel=\"noopener noreferrer\">c\u00f4 Bowerman<\/a>\u00a0\u0111\u00e0o t\u1ea1o c\u00e1c Th\u00e0nh vi\u00ean \u0110\u1ed9c l\u1eadp Herbalife v\u1ec1 tri\u1ebft l\u00fd dinh d\u01b0\u1ee1ng to\u00e0n c\u1ea7u c\u1ee7a ch\u00fang t\u00f4i v\u00e0 ch\u1ecbu tr\u00e1ch nhi\u1ec7m ph\u00e1t tri\u1ec3n t\u00e0i li\u1ec7u \u0111\u00e0o t\u1ea1o v\u00e0 gi\u00e1o d\u1ee5c dinh d\u01b0\u1ee1ng.<\/p>\n<\/div>\n<\/div>\n<\/div>\n<\/div>\n<\/div>\n<\/div>\n<\/div>\n<div class=\"social-icons follow-icons full-width text-right\" ><a href=\"http:\/\/url\" target=\"_blank\" data-label=\"Facebook\" class=\"icon button circle is-outline facebook tooltip\" title=\"Follow on Facebook\" aria-label=\"Follow on Facebook\" rel=\"noopener nofollow\" ><i class=\"icon-facebook\" ><\/i><\/a><a href=\"http:\/\/url\" target=\"_blank\" data-label=\"Instagram\" class=\"icon button circle is-outline instagram tooltip\" title=\"Follow on Instagram\" aria-label=\"Follow on Instagram\" rel=\"noopener nofollow\" ><i class=\"icon-instagram\" ><\/i><\/a><a href=\"http:\/\/url\" data-label=\"Twitter\" target=\"_blank\" class=\"icon button circle is-outline twitter tooltip\" title=\"Follow on Twitter\" aria-label=\"Follow on Twitter\" rel=\"noopener nofollow\" ><i class=\"icon-twitter\" ><\/i><\/a><a href=\"mailto:your@email\" data-label=\"E-mail\" target=\"_blank\" class=\"icon button circle is-outline email tooltip\" title=\"Send us an email\" aria-label=\"Send us an email\" rel=\"nofollow noopener\" ><i class=\"icon-envelop\" ><\/i><\/a><\/div>\n","protected":false},"excerpt":{"rendered":"<p>Nh\u1eefng b\u01b0\u1edbc nh\u1ecf, th\u00e0nh qu\u1ea3 l\u1edbn: Nh\u1eefng thay \u0111\u1ed5i b\u1ec1n v\u1eefng cho n\u0103m m\u1edbi Susan Bowerman, MS, RD, CSSD, CSOWM, FAND \u2013 Gi\u00e1m \u0111\u1ed1c c\u1ea5p cao, Gi\u00e1o d\u1ee5c v\u00e0 \u0110\u00e0o t\u1ea1o Dinh d\u01b0\u1ee1ng To\u00e0n c\u1ea7u1 th\u00e1ng 1, 2026 \u0110\u1eb7t ra c\u00e1c quy\u1ebft t\u00e2m th\u1ef1c t\u1ebf cho n\u0103m m\u1edbi c\u00f3 th\u1ec3 l\u00e0 m\u1ed9t th\u00e1ch th\u1ee9c, nh\u01b0ng [&#8230;]\n","protected":false},"author":1,"featured_media":0,"parent":0,"menu_order":0,"comment_status":"closed","ping_status":"closed","template":"","meta":{"footnotes":""},"class_list":["post-28","page","type-page","status-publish","hentry"],"_links":{"self":[{"href":"http:\/\/greenherbal.id.vn\/index.php?rest_route=\/wp\/v2\/pages\/28","targetHints":{"allow":["GET"]}}],"collection":[{"href":"http:\/\/greenherbal.id.vn\/index.php?rest_route=\/wp\/v2\/pages"}],"about":[{"href":"http:\/\/greenherbal.id.vn\/index.php?rest_route=\/wp\/v2\/types\/page"}],"author":[{"embeddable":true,"href":"http:\/\/greenherbal.id.vn\/index.php?rest_route=\/wp\/v2\/users\/1"}],"replies":[{"embeddable":true,"href":"http:\/\/greenherbal.id.vn\/index.php?rest_route=%2Fwp%2Fv2%2Fcomments&post=28"}],"version-history":[{"count":4,"href":"http:\/\/greenherbal.id.vn\/index.php?rest_route=\/wp\/v2\/pages\/28\/revisions"}],"predecessor-version":[{"id":43,"href":"http:\/\/greenherbal.id.vn\/index.php?rest_route=\/wp\/v2\/pages\/28\/revisions\/43"}],"wp:attachment":[{"href":"http:\/\/greenherbal.id.vn\/index.php?rest_route=%2Fwp%2Fv2%2Fmedia&parent=28"}],"curies":[{"name":"wp","href":"https:\/\/api.w.org\/{rel}","templated":true}]}}